{"id":74,"date":"2012-08-06T19:08:39","date_gmt":"2012-08-06T22:08:39","guid":{"rendered":"http:\/\/jornalcontato.com.br\/home\/?page_id=74"},"modified":"2017-10-10T14:38:24","modified_gmt":"2017-10-10T17:38:24","slug":"expediente","status":"publish","type":"page","link":"https:\/\/www.jornalcontato.com.br\/home\/index.php\/expediente\/","title":{"rendered":"Expediente"},"content":{"rendered":"<div><em><strong>Diretor de reda\u00e7\u00e3o<\/strong><\/em><br \/>\nPaulo de Tarso Venceslau<br \/>\n<a href=\"mailto:jornalcontato@jornalcontato.com.br\">jornalcontato@jornalcontato.com.br<\/a><\/div>\n<div><\/div>\n<div><\/div>\n<div><\/div>\n<div><em><strong>Editor e Jornalista respons\u00e1vel<\/strong><\/em><br \/>\nPedro Venceslau &#8211; MTB: 43730\/SP<\/div>\n<div><\/div>\n<div><\/div>\n<div><\/div>\n<div><em style=\"font-size: 13px; line-height: 19px;\"><strong>Colaboradores<\/strong><\/em><\/div>\n<div>Antonio Marmo de Oliveira<br \/>\nAquiles Rique Reis<br \/>\nBeti Cruz<\/div>\n<div>Jos\u00e9 Carlos Sebe Bom Meihy<br \/>\nRenato Teixeira<\/div>\n<div><\/div>\n<div><\/div>\n<div><\/div>\n<div>CONTATOS:<\/div>\n<div>telefone:\u00a0(12) 3411-1536<\/div>\n<div>e-mail:\u00a0<a href=\"mailto:jornalcontato@jornalcontato.com.br\">jornalcontato@jornalcontato.com.br<\/a><\/div>\n<div><\/div>\n<div><\/div>\n<div><em>Jornal CONTATO \u00e9 uma publica\u00e7\u00e3o de<\/em><em>\u00a0Venceslau e Venceslau Publica\u00e7\u00f5es e Eventos Jornal\u00edsticos<\/em><em>\u00a0CNPJ: 07.278.549\/0001-91<\/em><\/div>\n","protected":false},"excerpt":{"rendered":"<p>Diretor de reda\u00e7\u00e3o Paulo de Tarso Venceslau jornalcontato@jornalcontato.com.br Editor e Jornalista respons\u00e1vel Pedro Venceslau &#8211; MTB: 43730\/SP Colaboradores Antonio Marmo de Oliveira Aquiles Rique Reis &#8230;<\/p>\n","protected":false},"author":1,"featured_media":0,"parent":0,"menu_order":0,"comment_status":"open","ping_status":"open","template":"","meta":{"footnotes":""},"class_list":["post-74","page","type-page","status-publish","hentry"],"_links":{"self":[{"href":"https:\/\/www.jornalcontato.com.br\/home\/index.php\/wp-json\/wp\/v2\/pages\/74","targetHints":{"allow":["GET"]}}],"collection":[{"href":"https:\/\/www.jornalcontato.com.br\/home\/index.php\/wp-json\/wp\/v2\/pages"}],"about":[{"href":"https:\/\/www.jornalcontato.com.br\/home\/index.php\/wp-json\/wp\/v2\/types\/page"}],"author":[{"embeddable":true,"href":"https:\/\/www.jornalcontato.com.br\/home\/index.php\/wp-json\/wp\/v2\/users\/1"}],"replies":[{"embeddable":true,"href":"https:\/\/www.jornalcontato.com.br\/home\/index.php\/wp-json\/wp\/v2\/comments?post=74"}],"version-history":[{"count":11,"href":"https:\/\/www.jornalcontato.com.br\/home\/index.php\/wp-json\/wp\/v2\/pages\/74\/revisions"}],"predecessor-version":[{"id":15200,"href":"https:\/\/www.jornalcontato.com.br\/home\/index.php\/wp-json\/wp\/v2\/pages\/74\/revisions\/15200"}],"wp:attachment":[{"href":"https:\/\/www.jornalcontato.com.br\/home\/index.php\/wp-json\/wp\/v2\/media?parent=74"}],"curies":[{"name":"wp","href":"https:\/\/api.w.org\/{rel}","templated":true}]}}